{"id":684,"date":"2024-05-30T15:21:44","date_gmt":"2024-05-30T13:21:44","guid":{"rendered":"https:\/\/tech.ravicoote.de\/?page_id=684"},"modified":"2025-08-09T14:20:27","modified_gmt":"2025-08-09T12:20:27","slug":"design-und-produktion-eines-miniaturmodells-einer-performance","status":"publish","type":"page","link":"https:\/\/tech.ravicoote.de\/index.php\/design-und-produktion-eines-miniaturmodells-einer-performance\/","title":{"rendered":"2024 Mai &#8211; Design und Produktion eines Modells als Merchandise f\u00fcr eine k\u00fcnstlerische Performance"},"content":{"rendered":"\n<p>Es wurde in Blender ein 3D-Modell zum Motiv einer k\u00fcnstlerischen Performance erstellt und per 3D-Drucker produziert. Das Modell konnte als Merchandise-Produkt im Rahmen einer Ausstellung erworben werden, bei der die Performance gezeigt wurde. In der unten abgebildeten Bilderserie sehen Sie den Verlauf der Modellierung sowie der Produktion. Die Schritte umfassen:<\/p>\n\n\n\n<p><\/p>\n\n\n\n<ul>\n<li>Modellierung des Torsos, und der Extremit\u00e4ten des &#8220;Human Bodies&#8221;.<\/li>\n\n\n\n<li>Modellierung des \u201cRades\u201d<\/li>\n\n\n\n<li>Einpassung der beiden Modelle &#8220;Human Body&#8221; und &#8220;Rad&#8221;<\/li>\n\n\n\n<li>Vorbereitung f\u00fcr den 3D-Druck und drucken der Modelle<\/li>\n\n\n\n<li>Schleifen, Kleben und Lackieren der Modelle<\/li>\n<\/ul>\n\n\n\n<figure class=\"wp-block-gallery has-nested-images columns-default is-cropped wp-block-gallery-1 is-layout-flex wp-block-gallery-is-layout-flex\">\n<figure class=\"wp-block-image size-large\"><a href=\"https:\/\/tech.ravicoote.de\/wp-content\/uploads\/2024\/06\/IMG-20221026-WA0018-scaled.jpeg\" target=\"_blank\" rel=\"noreferrer noopener\"><img fetchpriority=\"high\" decoding=\"async\" width=\"623\" height=\"1024\" data-id=\"712\" src=\"https:\/\/tech.ravicoote.de\/wp-content\/uploads\/2024\/06\/IMG-20221026-WA0018-623x1024.jpeg\" alt=\"\" class=\"wp-image-712\" srcset=\"https:\/\/tech.ravicoote.de\/wp-content\/uploads\/2024\/06\/IMG-20221026-WA0018-623x1024.jpeg 623w, https:\/\/tech.ravicoote.de\/wp-content\/uploads\/2024\/06\/IMG-20221026-WA0018-183x300.jpeg 183w, https:\/\/tech.ravicoote.de\/wp-content\/uploads\/2024\/06\/IMG-20221026-WA0018-768x1262.jpeg 768w, https:\/\/tech.ravicoote.de\/wp-content\/uploads\/2024\/06\/IMG-20221026-WA0018-935x1536.jpeg 935w, https:\/\/tech.ravicoote.de\/wp-content\/uploads\/2024\/06\/IMG-20221026-WA0018-1246x2048.jpeg 1246w, https:\/\/tech.ravicoote.de\/wp-content\/uploads\/2024\/06\/IMG-20221026-WA0018-scaled.jpeg 1558w\" sizes=\"(max-width: 623px) 100vw, 623px\" \/><\/a><\/figure>\n\n\n\n<figure class=\"wp-block-image size-large\"><img decoding=\"async\" width=\"723\" height=\"1024\" data-id=\"708\" src=\"https:\/\/tech.ravicoote.de\/wp-content\/uploads\/2024\/06\/IMG-20221016-WA0024-723x1024.jpeg\" alt=\"\" class=\"wp-image-708\" srcset=\"https:\/\/tech.ravicoote.de\/wp-content\/uploads\/2024\/06\/IMG-20221016-WA0024-723x1024.jpeg 723w, https:\/\/tech.ravicoote.de\/wp-content\/uploads\/2024\/06\/IMG-20221016-WA0024-212x300.jpeg 212w, https:\/\/tech.ravicoote.de\/wp-content\/uploads\/2024\/06\/IMG-20221016-WA0024-768x1088.jpeg 768w, https:\/\/tech.ravicoote.de\/wp-content\/uploads\/2024\/06\/IMG-20221016-WA0024-1085x1536.jpeg 1085w, https:\/\/tech.ravicoote.de\/wp-content\/uploads\/2024\/06\/IMG-20221016-WA0024-1446x2048.jpeg 1446w, https:\/\/tech.ravicoote.de\/wp-content\/uploads\/2024\/06\/IMG-20221016-WA0024-scaled.jpeg 1808w\" sizes=\"(max-width: 723px) 100vw, 723px\" \/><\/figure>\n\n\n\n<figure class=\"wp-block-image size-large\"><img decoding=\"async\" width=\"632\" height=\"1024\" data-id=\"711\" src=\"https:\/\/tech.ravicoote.de\/wp-content\/uploads\/2024\/06\/IMG-20221016-WA0026-632x1024.jpeg\" alt=\"\" class=\"wp-image-711\" srcset=\"https:\/\/tech.ravicoote.de\/wp-content\/uploads\/2024\/06\/IMG-20221016-WA0026-632x1024.jpeg 632w, https:\/\/tech.ravicoote.de\/wp-content\/uploads\/2024\/06\/IMG-20221016-WA0026-185x300.jpeg 185w, https:\/\/tech.ravicoote.de\/wp-content\/uploads\/2024\/06\/IMG-20221016-WA0026-768x1245.jpeg 768w, https:\/\/tech.ravicoote.de\/wp-content\/uploads\/2024\/06\/IMG-20221016-WA0026-948x1536.jpeg 948w, https:\/\/tech.ravicoote.de\/wp-content\/uploads\/2024\/06\/IMG-20221016-WA0026-1264x2048.jpeg 1264w, https:\/\/tech.ravicoote.de\/wp-content\/uploads\/2024\/06\/IMG-20221016-WA0026-scaled.jpeg 1579w\" sizes=\"(max-width: 632px) 100vw, 632px\" \/><\/figure>\n\n\n\n<figure class=\"wp-block-image size-large\"><img loading=\"lazy\" decoding=\"async\" width=\"576\" height=\"1024\" data-id=\"714\" src=\"https:\/\/tech.ravicoote.de\/wp-content\/uploads\/2024\/06\/IMG-20221027-WA0010-576x1024.jpg\" alt=\"\" class=\"wp-image-714\" srcset=\"https:\/\/tech.ravicoote.de\/wp-content\/uploads\/2024\/06\/IMG-20221027-WA0010-576x1024.jpg 576w, https:\/\/tech.ravicoote.de\/wp-content\/uploads\/2024\/06\/IMG-20221027-WA0010-169x300.jpg 169w, https:\/\/tech.ravicoote.de\/wp-content\/uploads\/2024\/06\/IMG-20221027-WA0010-768x1365.jpg 768w, https:\/\/tech.ravicoote.de\/wp-content\/uploads\/2024\/06\/IMG-20221027-WA0010-864x1536.jpg 864w, https:\/\/tech.ravicoote.de\/wp-content\/uploads\/2024\/06\/IMG-20221027-WA0010.jpg 900w\" sizes=\"(max-width: 576px) 100vw, 576px\" \/><\/figure>\n\n\n\n<figure class=\"wp-block-image size-large\"><img loading=\"lazy\" decoding=\"async\" width=\"869\" height=\"1024\" data-id=\"716\" src=\"https:\/\/tech.ravicoote.de\/wp-content\/uploads\/2024\/06\/IMG-20221108-WA0013-869x1024.jpeg\" alt=\"\" class=\"wp-image-716\" srcset=\"https:\/\/tech.ravicoote.de\/wp-content\/uploads\/2024\/06\/IMG-20221108-WA0013-869x1024.jpeg 869w, https:\/\/tech.ravicoote.de\/wp-content\/uploads\/2024\/06\/IMG-20221108-WA0013-255x300.jpeg 255w, https:\/\/tech.ravicoote.de\/wp-content\/uploads\/2024\/06\/IMG-20221108-WA0013-768x905.jpeg 768w, https:\/\/tech.ravicoote.de\/wp-content\/uploads\/2024\/06\/IMG-20221108-WA0013-1303x1536.jpeg 1303w, https:\/\/tech.ravicoote.de\/wp-content\/uploads\/2024\/06\/IMG-20221108-WA0013-1738x2048.jpeg 1738w\" sizes=\"(max-width: 869px) 100vw, 869px\" \/><\/figure>\n\n\n\n<figure class=\"wp-block-image size-large\"><img loading=\"lazy\" decoding=\"async\" width=\"576\" height=\"1024\" data-id=\"687\" src=\"https:\/\/tech.ravicoote.de\/wp-content\/uploads\/2024\/05\/IMG-20221109-WA0017-576x1024.jpg\" alt=\"\" class=\"wp-image-687\" srcset=\"https:\/\/tech.ravicoote.de\/wp-content\/uploads\/2024\/05\/IMG-20221109-WA0017-576x1024.jpg 576w, https:\/\/tech.ravicoote.de\/wp-content\/uploads\/2024\/05\/IMG-20221109-WA0017-169x300.jpg 169w, https:\/\/tech.ravicoote.de\/wp-content\/uploads\/2024\/05\/IMG-20221109-WA0017-768x1366.jpg 768w, https:\/\/tech.ravicoote.de\/wp-content\/uploads\/2024\/05\/IMG-20221109-WA0017-864x1536.jpg 864w, https:\/\/tech.ravicoote.de\/wp-content\/uploads\/2024\/05\/IMG-20221109-WA0017.jpg 899w\" sizes=\"(max-width: 576px) 100vw, 576px\" \/><\/figure>\n\n\n\n<figure class=\"wp-block-image size-large\"><img loading=\"lazy\" decoding=\"async\" width=\"1024\" height=\"576\" data-id=\"706\" src=\"https:\/\/tech.ravicoote.de\/wp-content\/uploads\/2024\/06\/IMG-20221114-WA0003-1024x576.jpg\" alt=\"\" class=\"wp-image-706\" srcset=\"https:\/\/tech.ravicoote.de\/wp-content\/uploads\/2024\/06\/IMG-20221114-WA0003-1024x576.jpg 1024w, https:\/\/tech.ravicoote.de\/wp-content\/uploads\/2024\/06\/IMG-20221114-WA0003-300x169.jpg 300w, https:\/\/tech.ravicoote.de\/wp-content\/uploads\/2024\/06\/IMG-20221114-WA0003-768x432.jpg 768w, https:\/\/tech.ravicoote.de\/wp-content\/uploads\/2024\/06\/IMG-20221114-WA0003-1536x864.jpg 1536w, https:\/\/tech.ravicoote.de\/wp-content\/uploads\/2024\/06\/IMG-20221114-WA0003.jpg 1599w\" sizes=\"(max-width: 1024px) 100vw, 1024px\" \/><\/figure>\n\n\n\n<figure class=\"wp-block-image size-large\"><img loading=\"lazy\" decoding=\"async\" width=\"576\" height=\"1024\" data-id=\"685\" src=\"https:\/\/tech.ravicoote.de\/wp-content\/uploads\/2024\/05\/IMG-20221113-WA0001-576x1024.jpg\" alt=\"\" class=\"wp-image-685\" srcset=\"https:\/\/tech.ravicoote.de\/wp-content\/uploads\/2024\/05\/IMG-20221113-WA0001-576x1024.jpg 576w, https:\/\/tech.ravicoote.de\/wp-content\/uploads\/2024\/05\/IMG-20221113-WA0001-169x300.jpg 169w, https:\/\/tech.ravicoote.de\/wp-content\/uploads\/2024\/05\/IMG-20221113-WA0001-768x1366.jpg 768w, https:\/\/tech.ravicoote.de\/wp-content\/uploads\/2024\/05\/IMG-20221113-WA0001-864x1536.jpg 864w, https:\/\/tech.ravicoote.de\/wp-content\/uploads\/2024\/05\/IMG-20221113-WA0001.jpg 899w\" sizes=\"(max-width: 576px) 100vw, 576px\" \/><\/figure>\n<\/figure>\n\n\n\n<h2 class=\"wp-block-heading\">Navigierbare 3D-Ansicht<\/h2>\n\n\n\r\n        <div class=\"modelViewerBlock\" data-attributes='{&quot;align&quot;:&quot;center&quot;,&quot;uniqueId&quot;:&quot;model1119&quot;,&quot;currentViewer&quot;:&quot;modelViewer&quot;,&quot;multiple&quot;:false,&quot;model&quot;:{&quot;modelUrl&quot;:&quot;https:\\\/\\\/tech.ravicoote.de\\\/wp-content\\\/uploads\\\/2025\\\/01\\\/morphguy_v6_mit_rad_2022-10-30_19.40-2.glb&quot;,&quot;poster&quot;:&quot;&quot;},&quot;O3DVSettings&quot;:{&quot;isFullscreen&quot;:true,&quot;isPagination&quot;:false,&quot;isNavigation&quot;:true,&quot;camera&quot;:null,&quot;mouseControl&quot;:true},&quot;models&quot;:[],&quot;lazyLoad&quot;:false,&quot;loading&quot;:&quot;auto&quot;,&quot;autoplay&quot;:false,&quot;shadow&quot;:true,&quot;autoRotate&quot;:false,&quot;zoom&quot;:true,&quot;isPagination&quot;:false,&quot;isNavigation&quot;:true,&quot;preload&quot;:&quot;auto&quot;,&quot;rotationPerSecond&quot;:&quot;30&quot;,&quot;mouseControl&quot;:true,&quot;fullscreen&quot;:true,&quot;variant&quot;:false,&quot;loadingPercentage&quot;:false,&quot;progressBar&quot;:true,&quot;rotate&quot;:false,&quot;rotateAlongX&quot;:&quot;0&quot;,&quot;rotateAlongY&quot;:&quot;75&quot;,&quot;exposure&quot;:&quot;1&quot;,&quot;styles&quot;:{&quot;width&quot;:&quot;100%&quot;,&quot;height&quot;:&quot;320px&quot;,&quot;bgColor&quot;:&quot;#bfbfbf&quot;,&quot;progressBarColor&quot;:&quot;&quot;},&quot;stylesheet&quot;:null,&quot;additional&quot;:{&quot;ID&quot;:&quot;&quot;,&quot;Class&quot;:&quot;&quot;,&quot;CSS&quot;:&quot;&quot;},&quot;animation&quot;:false,&quot;woo&quot;:false,&quot;selectedAnimation&quot;:&quot;&quot;}'><\/div>\r\n\r\n        \n\n\n\n<h2 class=\"wp-block-heading\">Ein paar Renderings<\/h2>\n\n\n\n<figure class=\"wp-block-gallery has-nested-images columns-default is-cropped wp-block-gallery-3 is-layout-flex wp-block-gallery-is-layout-flex\">\n<figure class=\"wp-block-image size-large\"><img loading=\"lazy\" decoding=\"async\" width=\"1024\" height=\"389\" data-id=\"1161\" src=\"https:\/\/tech.ravicoote.de\/wp-content\/uploads\/2025\/02\/TheWheel-v11recovered-1-1024x389.png\" alt=\"\" class=\"wp-image-1161\" srcset=\"https:\/\/tech.ravicoote.de\/wp-content\/uploads\/2025\/02\/TheWheel-v11recovered-1-1024x389.png 1024w, https:\/\/tech.ravicoote.de\/wp-content\/uploads\/2025\/02\/TheWheel-v11recovered-1-300x114.png 300w, https:\/\/tech.ravicoote.de\/wp-content\/uploads\/2025\/02\/TheWheel-v11recovered-1-768x292.png 768w, https:\/\/tech.ravicoote.de\/wp-content\/uploads\/2025\/02\/TheWheel-v11recovered-1-1536x584.png 1536w, https:\/\/tech.ravicoote.de\/wp-content\/uploads\/2025\/02\/TheWheel-v11recovered-1.png 1920w\" sizes=\"(max-width: 1024px) 100vw, 1024px\" \/><\/figure>\n\n\n\n<figure class=\"wp-block-image size-large\"><img loading=\"lazy\" decoding=\"async\" width=\"1024\" height=\"389\" data-id=\"1163\" src=\"https:\/\/tech.ravicoote.de\/wp-content\/uploads\/2025\/02\/TheWheel-v12-1024x389.png\" alt=\"\" class=\"wp-image-1163\" srcset=\"https:\/\/tech.ravicoote.de\/wp-content\/uploads\/2025\/02\/TheWheel-v12-1024x389.png 1024w, https:\/\/tech.ravicoote.de\/wp-content\/uploads\/2025\/02\/TheWheel-v12-300x114.png 300w, https:\/\/tech.ravicoote.de\/wp-content\/uploads\/2025\/02\/TheWheel-v12-768x292.png 768w, https:\/\/tech.ravicoote.de\/wp-content\/uploads\/2025\/02\/TheWheel-v12-1536x584.png 1536w, https:\/\/tech.ravicoote.de\/wp-content\/uploads\/2025\/02\/TheWheel-v12.png 1920w\" sizes=\"(max-width: 1024px) 100vw, 1024px\" \/><\/figure>\n\n\n\n<figure class=\"wp-block-image size-large\"><img loading=\"lazy\" decoding=\"async\" width=\"1024\" height=\"819\" data-id=\"1160\" src=\"https:\/\/tech.ravicoote.de\/wp-content\/uploads\/2025\/02\/TheWheel_2022-Oct-30_04-44-59PM-000_CustomizedView4635221893-1024x819.png\" alt=\"\" class=\"wp-image-1160\" srcset=\"https:\/\/tech.ravicoote.de\/wp-content\/uploads\/2025\/02\/TheWheel_2022-Oct-30_04-44-59PM-000_CustomizedView4635221893-1024x819.png 1024w, https:\/\/tech.ravicoote.de\/wp-content\/uploads\/2025\/02\/TheWheel_2022-Oct-30_04-44-59PM-000_CustomizedView4635221893-300x240.png 300w, https:\/\/tech.ravicoote.de\/wp-content\/uploads\/2025\/02\/TheWheel_2022-Oct-30_04-44-59PM-000_CustomizedView4635221893-768x614.png 768w, https:\/\/tech.ravicoote.de\/wp-content\/uploads\/2025\/02\/TheWheel_2022-Oct-30_04-44-59PM-000_CustomizedView4635221893.png 1280w\" sizes=\"(max-width: 1024px) 100vw, 1024px\" \/><\/figure>\n<\/figure>\n","protected":false},"excerpt":{"rendered":"<p>Es wurde in Blender ein 3D-Modell zum Motiv einer k\u00fcnstlerischen Performance erstellt und per 3D-Drucker produziert. Das Modell konnte als Merchandise-Produkt im Rahmen einer Ausstellung erworben werden, bei der die Performance gezeigt wurde. In der &hellip;<\/p>\n","protected":false},"author":1,"featured_media":0,"parent":0,"menu_order":0,"comment_status":"closed","ping_status":"closed","template":"","meta":{"footnotes":"","_glsr_average":0,"_glsr_ranking":0,"_glsr_reviews":0},"yoast_head":"<!-- This site is optimized with the Yoast SEO plugin v20.8 - https:\/\/yoast.com\/wordpress\/plugins\/seo\/ -->\n<title>2024 Mai - Design und Produktion eines Modells als Merchandise f\u00fcr eine k\u00fcnstlerische Performance - Creative Blog<\/title>\n<meta name=\"robots\" content=\"noindex, follow, max-snippet:-1, max-image-preview:large, max-video-preview:-1\" \/>\n<meta property=\"og:locale\" content=\"de_DE\" \/>\n<meta property=\"og:type\" content=\"article\" \/>\n<meta property=\"og:title\" content=\"2024 Mai - Design und Produktion eines Modells als Merchandise f\u00fcr eine k\u00fcnstlerische Performance - Creative Blog\" \/>\n<meta property=\"og:description\" content=\"Es wurde in Blender ein 3D-Modell zum Motiv einer k\u00fcnstlerischen Performance erstellt und per 3D-Drucker produziert. Das Modell konnte als Merchandise-Produkt im Rahmen einer Ausstellung erworben werden, bei der die Performance gezeigt wurde. In der &hellip;\" \/>\n<meta property=\"og:url\" content=\"https:\/\/tech.ravicoote.de\/index.php\/design-und-produktion-eines-miniaturmodells-einer-performance\/\" \/>\n<meta property=\"og:site_name\" content=\"Creative Blog\" \/>\n<meta property=\"article:modified_time\" content=\"2025-08-09T12:20:27+00:00\" \/>\n<meta property=\"og:image\" content=\"https:\/\/tech.ravicoote.de\/wp-content\/uploads\/2024\/06\/IMG-20221026-WA0018-623x1024.jpeg\" \/>\n<meta name=\"twitter:card\" content=\"summary_large_image\" \/>\n<meta name=\"twitter:label1\" content=\"Gesch\u00e4tzte Lesezeit\" \/>\n\t<meta name=\"twitter:data1\" content=\"3 Minuten\" \/>\n<script type=\"application\/ld+json\" class=\"yoast-schema-graph\">{\"@context\":\"https:\/\/schema.org\",\"@graph\":[{\"@type\":\"WebPage\",\"@id\":\"https:\/\/tech.ravicoote.de\/index.php\/design-und-produktion-eines-miniaturmodells-einer-performance\/\",\"url\":\"https:\/\/tech.ravicoote.de\/index.php\/design-und-produktion-eines-miniaturmodells-einer-performance\/\",\"name\":\"2024 Mai - Design und Produktion eines Modells als Merchandise f\u00fcr eine k\u00fcnstlerische Performance - Creative Blog\",\"isPartOf\":{\"@id\":\"https:\/\/tech.ravicoote.de\/#website\"},\"datePublished\":\"2024-05-30T13:21:44+00:00\",\"dateModified\":\"2025-08-09T12:20:27+00:00\",\"breadcrumb\":{\"@id\":\"https:\/\/tech.ravicoote.de\/index.php\/design-und-produktion-eines-miniaturmodells-einer-performance\/#breadcrumb\"},\"inLanguage\":\"de-DE\",\"potentialAction\":[{\"@type\":\"ReadAction\",\"target\":[\"https:\/\/tech.ravicoote.de\/index.php\/design-und-produktion-eines-miniaturmodells-einer-performance\/\"]}]},{\"@type\":\"BreadcrumbList\",\"@id\":\"https:\/\/tech.ravicoote.de\/index.php\/design-und-produktion-eines-miniaturmodells-einer-performance\/#breadcrumb\",\"itemListElement\":[{\"@type\":\"ListItem\",\"position\":1,\"name\":\"Startseite\",\"item\":\"https:\/\/tech.ravicoote.de\/\"},{\"@type\":\"ListItem\",\"position\":2,\"name\":\"2024 Mai &#8211; Design und Produktion eines Modells als Merchandise f\u00fcr eine k\u00fcnstlerische Performance\"}]},{\"@type\":\"WebSite\",\"@id\":\"https:\/\/tech.ravicoote.de\/#website\",\"url\":\"https:\/\/tech.ravicoote.de\/\",\"name\":\"Creative Blog\",\"description\":\"A few Creative Projects\",\"potentialAction\":[{\"@type\":\"SearchAction\",\"target\":{\"@type\":\"EntryPoint\",\"urlTemplate\":\"https:\/\/tech.ravicoote.de\/?s={search_term_string}\"},\"query-input\":\"required name=search_term_string\"}],\"inLanguage\":\"de-DE\"}]}<\/script>\n<!-- \/ Yoast SEO plugin. -->","yoast_head_json":{"title":"2024 Mai - Design und Produktion eines Modells als Merchandise f\u00fcr eine k\u00fcnstlerische Performance - Creative Blog","robots":{"index":"noindex","follow":"follow","max-snippet":"max-snippet:-1","max-image-preview":"max-image-preview:large","max-video-preview":"max-video-preview:-1"},"og_locale":"de_DE","og_type":"article","og_title":"2024 Mai - Design und Produktion eines Modells als Merchandise f\u00fcr eine k\u00fcnstlerische Performance - Creative Blog","og_description":"Es wurde in Blender ein 3D-Modell zum Motiv einer k\u00fcnstlerischen Performance erstellt und per 3D-Drucker produziert. Das Modell konnte als Merchandise-Produkt im Rahmen einer Ausstellung erworben werden, bei der die Performance gezeigt wurde. In der &hellip;","og_url":"https:\/\/tech.ravicoote.de\/index.php\/design-und-produktion-eines-miniaturmodells-einer-performance\/","og_site_name":"Creative Blog","article_modified_time":"2025-08-09T12:20:27+00:00","og_image":[{"url":"https:\/\/tech.ravicoote.de\/wp-content\/uploads\/2024\/06\/IMG-20221026-WA0018-623x1024.jpeg"}],"twitter_card":"summary_large_image","twitter_misc":{"Gesch\u00e4tzte Lesezeit":"3 Minuten"},"schema":{"@context":"https:\/\/schema.org","@graph":[{"@type":"WebPage","@id":"https:\/\/tech.ravicoote.de\/index.php\/design-und-produktion-eines-miniaturmodells-einer-performance\/","url":"https:\/\/tech.ravicoote.de\/index.php\/design-und-produktion-eines-miniaturmodells-einer-performance\/","name":"2024 Mai - Design und Produktion eines Modells als Merchandise f\u00fcr eine k\u00fcnstlerische Performance - Creative Blog","isPartOf":{"@id":"https:\/\/tech.ravicoote.de\/#website"},"datePublished":"2024-05-30T13:21:44+00:00","dateModified":"2025-08-09T12:20:27+00:00","breadcrumb":{"@id":"https:\/\/tech.ravicoote.de\/index.php\/design-und-produktion-eines-miniaturmodells-einer-performance\/#breadcrumb"},"inLanguage":"de-DE","potentialAction":[{"@type":"ReadAction","target":["https:\/\/tech.ravicoote.de\/index.php\/design-und-produktion-eines-miniaturmodells-einer-performance\/"]}]},{"@type":"BreadcrumbList","@id":"https:\/\/tech.ravicoote.de\/index.php\/design-und-produktion-eines-miniaturmodells-einer-performance\/#breadcrumb","itemListElement":[{"@type":"ListItem","position":1,"name":"Startseite","item":"https:\/\/tech.ravicoote.de\/"},{"@type":"ListItem","position":2,"name":"2024 Mai &#8211; Design und Produktion eines Modells als Merchandise f\u00fcr eine k\u00fcnstlerische Performance"}]},{"@type":"WebSite","@id":"https:\/\/tech.ravicoote.de\/#website","url":"https:\/\/tech.ravicoote.de\/","name":"Creative Blog","description":"A few Creative Projects","potentialAction":[{"@type":"SearchAction","target":{"@type":"EntryPoint","urlTemplate":"https:\/\/tech.ravicoote.de\/?s={search_term_string}"},"query-input":"required name=search_term_string"}],"inLanguage":"de-DE"}]}},"_links":{"self":[{"href":"https:\/\/tech.ravicoote.de\/index.php\/wp-json\/wp\/v2\/pages\/684"}],"collection":[{"href":"https:\/\/tech.ravicoote.de\/index.php\/wp-json\/wp\/v2\/pages"}],"about":[{"href":"https:\/\/tech.ravicoote.de\/index.php\/wp-json\/wp\/v2\/types\/page"}],"author":[{"embeddable":true,"href":"https:\/\/tech.ravicoote.de\/index.php\/wp-json\/wp\/v2\/users\/1"}],"replies":[{"embeddable":true,"href":"https:\/\/tech.ravicoote.de\/index.php\/wp-json\/wp\/v2\/comments?post=684"}],"version-history":[{"count":24,"href":"https:\/\/tech.ravicoote.de\/index.php\/wp-json\/wp\/v2\/pages\/684\/revisions"}],"predecessor-version":[{"id":1243,"href":"https:\/\/tech.ravicoote.de\/index.php\/wp-json\/wp\/v2\/pages\/684\/revisions\/1243"}],"wp:attachment":[{"href":"https:\/\/tech.ravicoote.de\/index.php\/wp-json\/wp\/v2\/media?parent=684"}],"curies":[{"name":"wp","href":"https:\/\/api.w.org\/{rel}","templated":true}]}}